r - s = 2*r - 10. What is the units digit of r?
3
Let w(u) = u**2 - 4*u - 3. Let c be w(5). What is the units digit of 42/(c*1/2)?
2
Let h(z) = -z**3 - 13*z**2 - 10*z + 17. Let a be h(-12). Let i = a + 8. What is the units digit of 10*i/(-7)*-7?
0
Let k(g) = g**2 - 12*g + 11. Let n(d) = d**2 - 11*d + 11. Let w(f) = -4*k(f) + 3*n(f). What is the tens digit of w(13)?
1
Let f = 67 - -2. What is the units digit of f?
9
Let u(x) = x**3 + 11*x**2 + 12*x - 10. What is the tens digit of u(-7)?
0
Let s(g) = -23*g + 1. Let c be s(5). Let u be ((-7)/(-21))/((-2)/c). Suppose 2*f + 2 = -4, 2*t + f = u. What is the units digit of t?
1
Let y(s) = s**3 + 3*s**2 + s. Let m be y(-3). Let v(w) = -w**3 + 4*w + 2. What is the tens digit of v(m)?
1
Suppose 0 = -4*a - 0*a + 332. Suppose -s - 2*c = 5 - 27, a = 5*s + c. What is the tens digit of s?
1
Let p(n) = 2*n**2 - 11*n - 6. What is the tens digit of p(9)?
5
Suppose -3*i + 8*i = 5*x - 130, 3*x + i - 94 = 0. What is the units digit of x + 3/((-3)/3)?
7
Suppose -6*x + 5*x - 3*d = -122, 0 = 4*x - 2*d - 530. What is the tens digit of x?
3
Let i = 266 + -172. What is the units digit of i?
4
Let k = -32 + 139. What is the units digit of k?
7
Let p = -11 - -23. Let f(b) = b**2 - 4*b - 5. Let s be f(5). Suppose s = -2*i - i + p. What is the units digit of i?
4
Let g = -18 + 41. What is the units digit of g?
3
Let p = 0 - -6. Let q = p + -4. Suppose 0*w + 8 = q*w. What is the units digit of w?
4
Let d be 9/1 - (3 - -1). Suppose 4*v - d*j = 230 - 53, 2*v - 3*j = 87. What is the units digit of v?
8
Suppose 0 = g + g. Suppose 0*l - 4*l = g. Suppose b + 3*b + 3*t - 18 = l, -5*b + 2*t + 34 = 0. What is the units digit of b?
6
Let m(d) = 2*d - 6. Let v be m(4). Let s(g) = g**2 - 3*g + 0*g**v + 6*g**2 + 2 - 2*g**2. What is the tens digit of s(2)?
1
Let v(s) = s**3 + 6*s**2 - 9*s. Let t be (-4)/(-6)*(-42)/4. What is the tens digit of v(t)?
1
Suppose -1 = -5*s + 29. Suppose -s*a + 3*a + 28 = 5*w, -1 = -a. Suppose w*g = 1 + 4. What is the units digit of g?
1
What is the units digit of 99/(-5)*(-10)/3?
6
Let g(j) = j**3 - 2*j**2 - 6*j + 2. Let z be g(4). Let i(s) = -s**2 + 12*s + 4. What is the tens digit of i(z)?
2
Let v(c) = -c**2 + 8*c - 1. Let k be v(10). Let w = k - -34. What is the units digit of w?
3
Let o = -9 + 7. Let f(u) = -4*u**2 - 2*u + 0*u + 2*u**3 - 4*u**3. What is the units digit of f(o)?
4
Let w = -437 - -612. Suppose -32 = -h + 4*g, -3*h = 2*h - 5*g - w. What is the tens digit of h?
3
Suppose p = -0*z + 3*z + 12, 12 = -3*p - 3*z. Suppose 2*x - 2*m = 6, p = -2*x - 0*m - 5*m - 15. Let b(i) = i**2 + i + 2. What is the units digit of b(x)?
2
Let o = 1 + 3. Suppose -2*w - 3*w = -x - 5, 3*x + 26 = o*w. What is the units digit of 2/x + 182/10?
8
Let g(h) = h**3 + 7*h**2 - 12*h - 4. What is the tens digit of g(-7)?
8
Let b(g) = 33*g + 14. What is the units digit of b(5)?
9
Suppose o - 12 = -2*o. Let m(n) = n**2 - n. What is the tens digit of m(o)?
1
Let o(a) = -a**2 + a - 1. Suppose w = 2*w. Let h be o(w). Let x = h - -3. What is the units digit of x?
2
What is the units digit of 2/4 - 75/(-2)?
8
Suppose 68 = h + 4*i, 0 = -2*h - 2*i - i + 131. What is the tens digit of h?
6
Let p be 1 - (2 - -10)/(-2). Let k(q) = -q + 7. Let d be k(p). Suppose 3*s + d*s + 3 = -4*t, -5*s = -5*t + 40. What is the units digit of t?
3
Let k(x) = 20*x - 29. What is the tens digit of k(8)?
3
What is the tens digit of (123 - 3)/4 - 2?
2
Let l = 91 - 78. What is the tens digit of l?
1
Let v(y) = -4*y + 0*y + 0*y - 3 - 1. What is the units digit of v(-3)?
8
What is the hundreds digit of ((-152)/(-48))/(-19) - (-1165)/6?
1
Suppose b + 0*b = 4*i + 20, 3*i - 18 = -2*b. Suppose 3*h = -0*h + b. What is the units digit of h?
4
Let l = 2 + 2. Let o = 6 - l. Suppose 0 = 4*f + 5*a + 2, 0*a = -o*f - 2*a. What is the units digit of f?
2
Suppose 65 = 5*p - 105. What is the units digit of p?
4
Let w be (-2)/(-2 - 6/(-4)). Suppose 19 = w*y - 1. Suppose b + 56 = y*b. What is the units digit of b?
4
Let p = -53 + 273. What is the tens digit of p?
2
Let o(u) = -u**3 + 3*u**2 + u - 1. Let m be o(-2). Suppose d - 4 = m. What is the units digit of d?
1
Suppose -d + 1 = 5*k - 3*k, d + 5 = k. What is the units digit of k?
2
Suppose 2*b + 58 = -2*g, -g - 92 = 4*b - 5*g. Let u = -14 - b. What is the tens digit of u?
1
What is the tens digit of (-28)/35*(-190)/4?
3
Let y(z) = -4*z + 1. Let k be y(1). Let w(o) = 2*o**2 + 2*o - 2. What is the units digit of w(k)?
0
Let y(l) = -3*l. Let k be y(-1). Let d = 4 - k. Suppose -h + 15 = d. What is the units digit of h?
4
Let c = -33 - -71. Suppose -j + 0 = t - 2, -3*j + 5*t = -c. What is the units digit of j?
6
Let c be (-5 - -3)/(4/6). Let x = 16 + c. What is the tens digit of x?
1
Suppose 4 = 4*z + 2*p, -z + 3*p = 3 - 18. Suppose 0 = 2*v + z*v - 45. Suppose -t = -4*n + v, n + 5*t + 3 = -0*n. What is the units digit of n?
2
Suppose -2*w = 0, -2*w - 3*w - 22 = 2*j. Let a = j + 16. What is the units digit of a?
5
Suppose -5*q = -1455 + 535. What is the tens digit of q?
8
Let t(d) = d**2 - 7*d + 6. Let y be t(5). Let q(b) be the second derivative of b**4/12 + 5*b**3/6 + 5*b**2/2 - 3*b. What is the units digit of q(y)?
1
Let k = -51 - -91. Suppose k = 4*u + 4*p - 0*p, 0 = -2*u - 5*p + 35. Suppose 0 = u*y + o + 3*o - 30, 3*o = -y - 5. What is the tens digit of y?
1
Let b(r) = r**2 - 5*r - 1. Suppose -4*z - 2*l + 12 = 0, 2*z - 4*l = z + 21. Let a be b(z). Let j = 0 - a. What is the units digit of j?
1
What is the tens digit of (-724)/(-14) - 4/(-14)?
5
Suppose -5 = 7*t - 2*t. Let j(c) = c**3 - 4*c**2 + 2*c + 1. Let v be j(2). What is the units digit of 3*1 + (t - v)?
5
Suppose 0*r = 2*t - r - 29, 0 = -t - r + 7. Suppose -3*v + t = -0*v, 2*y - 30 = -2*v. Suppose y = 5*a - 34. What is the units digit of a?
9
Suppose -5*u + m = -21, -18 = -3*u + u - 2*m. Suppose -u*k = 3*p, -3*k + 22 = -4*p + 51. What is the tens digit of 12 + 3 - k - 1?
1
Let m(n) = 2*n**3 + 1. Let b be m(-2). Let c = 22 + b. Let y = -1 + c. What is the units digit of y?
6
Suppose -2 = 3*m + 10, -p - 65 = -3*m. Let n = -41 - p. Suppose 4*q - n = -4. What is the units digit of q?
8
Suppose 0 = -18*r + 19*r - 11. Let n = r + 17. What is the tens digit of n?
2
Let t = 11 + -2. What is the units digit of (-3)/(-2) + t/(-18)?
1
What is the units digit of (-18)/42 + (-45)/(-7)?
6
Suppose a - 2*a = -5. Suppose -2*r + 9 = 4*i - a, -2*i = -r + 15. Let b = r + -7. What is the units digit of b?
4
Suppose -13 = z - 4*f, 4*z = z + 4*f + 1. Suppose z = c + 4*s, 4*c + 5*s = 39 - 0. What is the units digit of c?
1
Let h = -3 + 1. Let q be (3 - 4)*h/2. Suppose q = 5*g - 4. What is the units digit of g?
1
Suppose -r + j = 2*r + 14, 0 = -5*r + 5*j - 10. What is the units digit of 6 + (-3)/(r/(-2))?
5
Let s(a) = -a**2 - 6*a + 5. Let b(g) = g**2 + 4*g - 3. Let h(k) = 8*b(k) + 5*s(k). Suppose 0 = 4*z + 3 + 5. What is the units digit of h(z)?
9
Let u(v) = 15*v**2 - v - 1. Let a be u(-1). Suppose -4*m + 7*m = a. What is the units digit of m?
5
Let u be 5 - ((-3)/(-3) - 0). Suppose -u = -a - 1. What is the units digit of a?
3
Suppose 4*g + 16 = 0, w = g + 2*g + 21. What is the units digit of w?
9
What is the hundreds digit of -1*(-2 - -1) - -198?
1
Suppose 5*g - 133 + 18 = 0. What is the tens digit of g?
2
What is the units digit of ((-1946)/(-5) - -1) + (-18)/90?
0
Let x(z) = 5*z**2 + 38*z - 12. What is the tens digit of x(-9)?
5
Suppose -4*g + 7 = -13. Let f = g + -4. What is the units digit of f?
1
Suppose -343 - 695 = -6*j. What is the hundreds digit of j?
1
Suppose 2*b = 5*h - 27, 15 = 4*h - b + 6*b. Suppose 0 = -h*y + 26 + 4. What is the units digit of y?
6
Let q = -12 - -20. Let a(s) = -s**3 + 8*s**2 + 7. What is the units digit of a(q)?
7
Suppose 34*r - 316 = 30*r. What is the tens digit of r?
7
Suppose 4*r = 14*r - 1080. What is the units digit of r?
8
Suppose 3*z = -3*c + c + 157, -162 = -2*c + 2*z. Suppose -5*t + c = 5*i, -2*t + i + 18 = 1. What is the units digit of t?
1
Let i = -85 + 121. Let z = -9 + i. What is the units digit of z?
7
Let x be (-58)/(-4) - (-3)/(-6). Let u be 38/x - (-4)/14. Suppose -5*s = -7 + 2, a = 4*s - u. What is the units digit of a?
1
Let f = -9 - -12. Suppose -5*x = 4*d - 55, -f*d + 2*x - 7*x + 40 = 0. What is the units digit of d?
5
Let q = -1 + 4. Sup